- 11?
-205
In base 14, what is 108 + 2?
10a
In base 13, what is 4 - -2c1?
2c5
In base 12, what is 1b7 - -5?
200
In base 12, what is 3 + 2?
5
In base 10, what is -68 - 2?
-70
In base 6, what is -103 + -14?
-121
In base 2, what is 10 - -10100111111?
10101000001
In base 10, what is -32 - -2?
-30
In base 6, what is -3 - 1132?
-1135
In base 15, what is -12e + -5?
-134
In base 5, what is 134143 + 0?
134143
In base 16, what is -2d04 - 0?
-2d04
In base 3, what is -102120 + -12?
-102202
In base 15, what is 3 + -11?
-d
In base 3, what is 1 - 22201202?
-22201201
In base 10, what is -4 + 14?
10
In base 5, what is -2034 - -1?
-2033
In base 15, what is -4 - db?
-e0
In base 8, what is 1 + 217?
220
In base 9, what is -6 - 463?
-470
In base 15, what is -5 - 479?
-47e
In base 8, what is 2 - 124?
-122
In base 14, what is -5d + -2?
-61
In base 5, what is 3410314 + 10?
3410324
In base 2, what is 100011111100 + -101?
100011110111
In base 3, what is -11012 - -11?
-11001
In base 14, what is 21 - -4?
25
In base 13, what is 7 + -b01?
-ac7
In base 9, what is -183 + -67?
-261
In base 2, what is 1111100 - -100?
10000000
In base 15, what is 3 - -11c?
120
In base 13, what is -2 - 586?
-588
In base 10, what is 64 - -369?
433
In base 2, what is -100111 - 11?
-101010
In base 4, what is -130 + 220?
30
In base 4, what is -1311 + 2?
-1303
In base 11, what is 262 + 5?
267
In base 7, what is 60 + -53?
4
In base 14, what is -273 + 4?
-26d
In base 8, what is 1 + 247?
250
In base 16, what is 5 - 1c7?
-1c2
In base 6, what is -4 - 122?
-130
In base 2, what is -1 - 1010?
-1011
In base 15, what is -1 + 32e?
32d
In base 6, what is -3 + -3205?
-3212
In base 11, what is 648 - 2?
646
In base 5, what is 4 - -1010?
1014
In base 14, what is -84 + -2?
-86
In base 7, what is -4 + -3?
-10
In base 14, what is 17 - 19?
-2
In base 13, what is 727 + 4?
72b
In base 3, what is 101010121 - -2?
101010200
In base 14, what is 6 - 38?
-32
In base 8, what is -7 - -21?
12
In base 2, what is 10 - 10101000001?
-10100111111
In base 15, what is -2 - 313?
-315
In base 12, what is 1 + -264b?
-264a
In base 16, what is 15a + -7?
153
In base 5, what is 411 + 0?
411
In base 8, what is 11 + -734?
-723
In base 2, what is -110 + 10010110?
10010000
In base 15, what is -1076 - -4?
-1072
In base 11, what is -62 - -54?
-9
In base 5, what is -1 - 204042?
-204043
In base 12, what is 20a - -21?
22b
In base 2, what is 10011010110 - -11?
10011011001
In base 16, what is 4 + -3bd?
-3b9
In base 6, what is -4 + 20?
12
In base 10, what is 926 + 3?
929
In base 5, what is 3 + 3121?
3124
In base 14, what is -5 + -d8?
-dd
In base 10, what is 16 - -4?
20
In base 3, what is -12201 + 10?
-12121
In base 12, what is 71a + 3?
721
In base 3, what is -1110 + -200?
-2010
In base 14, what is -254 + -4?
-258
In base 11, what is 24 - 7a?
-56
In base 11, what is -5 + -61?
-66
In base 13, what is -8 + -5?
-10
In base 13, what is 165 + 2?
167
In base 5, what is -10 - -121?
111
In base 9, what is 41 + 774?
825
In base 3, what is 1 - -10002?
10010
In base 5, what is 144 + -40?
104
In base 10, what is -31 - 0?
-31
In base 9, what is -2514 + 2?
-2512
In base 12, what is 2 + 186b?
1871
In base 16, what is -5 - -3e3?
3de
In base 6, what is 4100 - 1?
4055
In base 6, what is -2 + 22002?
22000
In base 7, what is 26511 + 5?
26516
In base 3, what is 0 + 2000210?
2000210
In base 11, what is -4 - -a56?
a52
In base 7, what is -10360 - 5?
-10365
In base 16, what is 9f + 4?
a3
In base 11, what is -586 + -2?
-588
In base 2, what is -101111 - -11?
-101100
In base 4, what is -2 - -30120?
30112
In base 9, what is 12 - 87?
-75
In base 5, what is 0 - 11401?
-11401
In base 11, what is 41 - 6?
36
In base 7, what is 30 + -40?
-10
In base 3, what is 10121 - 1001?
2120
In base 7, what is -12 - -613?
601
In base 14, what is -3 - 3?
-6
In base 12, what is 109a + 18?
10b6
In base 13, what is 240 + -5?
238
In base 12, what is -4 + 74?
70
In base 6, what is 42 - -221?
303
In base 11, what is 0 - -441?
441
In base 16, what is -5 - -a40?
a3b
In base 13, what is 1005c - -1?
10060
In base 8, what is 244 - 41?
203
In base 10, what is -149 + 1?
-148
In base 10, what is 48 - 2?
46
In base 9, what is 2 + -215?
-213
In base 2, what is 10101 - -1100?
100001
In base 4, what is -2203 + 2?
-2201
In base 15, what is 2 - 441?
-43e
In base 7, what is -10 - -14?
4
In base 4, what is -31 - -3012?
2321
In base 14, what is -416 - -3?
-413
In base 7, what is -242 - -3?
-236
In base 11, what is -3a - 4?
-43
In base 8, what is 2651 + 2?
2653
In base 3, what is -10 + -122101?
-122111
In base 9, what is 11 - -4?
15
In base 12, what is -594 - 4?
-598
In base 4, what is 13210 + -11?
13133
In base 14, what is -8829 + -4?
-882d
In base 7, what is -10 + -11?
-21
In base 10, what is -1 - -93?
92
In base 5, what is 0 + -1423?
-1423
In base 3, what is 11101 - 102?
10222
In base 8, what is 362 + 1?
363
In base 9, what is 1512 + 4?
1516
In base 6, what is 1 + -203?
-202
In base 12, what is -21aa + 2?
-21a8
In base 8, what is -167 - 200?
-367
In base 8, what is -3 - 2656?
-2661
In base 16, what is 9 - -12?
1b
In base 10, what is 205 + -6?
199
In base 4, what is 0 - 223010?
-223010
In base 2, what is 1100 + -10111?
-1011
In base 10, what is -64 + 16?
-48
In base 2, what is -11010110100 - -11?
-11010110001
In base 3, what is -11 - -21101?
21020
In base 3, what is 110 - -121?
1001
In base 10, what is -5 + 1977?
1972
In base 14, what is 4 + d?
13
In base 14, what is -1 + -397?
-398
In base 15, what is -2 - -83a?
838
In base 5, what is 1111 + -3?
1103
In base 8, what is -11717 + -5?
-11724
In base 6, what is -21 - -10?
-11
In base 9, what is 541 - -2?
543
In base 13, what is 1a6 - 5?
1a1
In base 12, what is 4 + -341?
-339
In base 4, what is 1113 - 1330?
-211
In base 9, what is -157 + 3?
-154
In base 14, what is -43 + 4?
-3d
In base 4, what is 0 + 211023?
211023
In base 3, what is -1110 + -10010?
-11120
In base 14, what is 35 + -5c?
-27
In base 3, what is -220210 - -12?
-220121
In base 12, what is a3 + 53?
136
In base 2, what is -101 + 10101?
10000
In base 6, what is 1 - 3201?
-3200
In base 5, what is 24 - 3004?
-2430
In base 13, what is 1327 - 2?
1325
In base 3, what is 110200111 - -2?
110200120
In base 15, what is 1 - -ae?
b0
In base 5, what is 244 - -310?
1104
In base 3, what is 12 + 2102?
2121
In base 5, what is 10 + -123414?
-123404
In base 2, what is -11110010000 + -11?
-11110010011
In base 16, what is -2 + -f2?
-f4
In base 14, what is -26 + -4?
-2a
In base 16, what is -700 + -8?
-708
In base 14, what is 0 - -63?
63
In base 3, what is 11 + 111111?
111122
In base 10, what is 1116 + -1?
1115
In base 14, what is 5901 + 5?
5906
In base 8, what is -2 + -10663?
-10665
In base 6, what is 210 - -505?
1115
In base 13, what is 3 - 2c?
-29
In base 2, what is -111010 + 1001?
-110001
In base 5, what is -4 - -11?
2
In base 16, what is 0 - b0f?
-b0f
In base 10, what is -2 + 124?
122
In base 2, what is -1011011110001 - -100?
-1011011101101
In base 12, what is -225 - -3?
-222
In base 2, what is 100 + -1110?
-1010
In base 6, what is -3 + -255?
-302
In base 7, what is 5 - -113?
121
In base 8, what is -235 - -7?
-226
In base 13, what is -123 - 14?
-137
In base 7, what is -2 - 44?
-46
In base 16, what is 7 - -2a?
31
In base 15, what is 2 + 27?
29
In base 5, what is 40 + 400?
440
In base 12, what is b - 0?
b
In base 11, what is -7 - 15?
-21
In base 4, what is 20 + -22122?
-22102
In base 3, what is -11102 + 2?
-11100
In base 10, what is -10994 - 1?
-10995
In base 6, what is 4 - -42?
50
In base 11, what is -3 - -2183?
2180
In base 3, what is 0 + -102221?
-102221
In base 2, what is 101011001 + -101?
101010100
In base 8, what is 15 + 76?
113
In base 5, what is 242 - -2?
244
In base 3, what is 202210 + 12?
202222
In base 10, what is 1 + 5094?
5095
In base 12, what is 139 + 1?
13a
In base 10, what is -1645 + 4?
-1641
In base 6, what is 2050 + 2?
2052
In base 13, what is 63b + 1?
63c
In base 8, what is -46303 + 4?
-46277
In base 12, what is -2 + -282?
-284
In base 8, what is 11571 - 3?
11566
In base 11, what is -4 + 534?
530
In base 3, what is -101100 + -2?
-101102
In base 14, what is -2 + 31?
2d
In base 11, what is 13 - -214?
227
In base 14, what is -3 - 3a?
-3d
In base 4, what is 13 + 2?
21
In base 7, what is 412 + 3?
415
In base 16, what is -4